actors of 941697.
3, 19, 5507
What are the prime factors of 1014501?
3, 338167
What are the prime factors of 167111?
7, 23873
What are the prime factors of 17436?
2, 3, 1453
What are the prime factors of 1176015?
3, 5, 78401
What are the prime factors of 192778?
2, 113, 853
What are the prime factors of 1824471?
3, 11, 6143
What are the prime factors of 1513187?
13, 17, 41, 167
List the prime factors of 97675.
5, 3907
List the prime factors of 1025480.
2, 5, 31, 827
List the prime factors of 4196076.
2, 3, 17, 67, 307
List the prime factors of 487296.
2, 3, 47
What are the prime factors of 245044?
2, 61261
List the prime factors of 8054453.
11, 71, 10313
List the prime factors of 90410.
2, 5, 9041
List the prime factors of 503695.
5, 131, 769
What are the prime factors of 2441685?
3, 5, 162779
What are the prime factors of 6778618?
2, 7, 11, 44017
List the prime factors of 42912.
2, 3, 149
What are the prime factors of 28029?
3, 9343
List the prime factors of 35873488.
2, 7, 45757
What are the prime factors of 3259883?
11, 296353
List the prime factors of 247712.
2, 7741
List the prime factors of 1671359.
1671359
What are the prime factors of 72871?
72871
List the prime factors of 5069600.
2, 5, 6337
What are the prime factors of 2817123?
3, 167, 5623
What are the prime factors of 11530892?
2, 53, 109, 499
What are the prime factors of 367710?
2, 3, 5, 7, 17, 103
List the prime factors of 3053302.
2, 7, 17, 12829
What are the prime factors of 7871324?
2, 313, 6287
List the prime factors of 3753026.
2, 1876513
List the prime factors of 9352952.
2, 7, 167017
What are the prime factors of 9344262?
2, 3, 1557377
List the prime factors of 7647080.
2, 5, 7, 31, 881
List the prime factors of 4561878.
2, 3, 37, 20549
What are the prime factors of 11139394?
2, 7, 347, 2293
List the prime factors of 59469.
3, 43, 461
What are the prime factors of 286103?
286103
What are the prime factors of 206664?
2, 3, 79, 109
What are the prime factors of 417681?
3, 11, 4219
What are the prime factors of 6882749?
823, 8363
What are the prime factors of 15711701?
67, 151, 1553
List the prime factors of 10768212.
2, 3, 7, 13, 19, 173
List the prime factors of 550234.
2, 59, 4663
List the prime factors of 17585954.
2, 8792977
List the prime factors of 1186343.
79, 15017
List the prime factors of 1554420.
2, 3, 5, 7, 3701
What are the prime factors of 804314?
2, 7, 73, 787
List the prime factors of 2913218.
2, 7, 11, 18917
What are the prime factors of 1174572?
2, 3, 7, 59, 79
What are the prime factors of 8364942?
2, 3, 541, 859
List the prime factors of 76649.
76649
List the prime factors of 150662.
2, 71, 1061
List the prime factors of 106092.
2, 3, 7, 421
List the prime factors of 6158896.
2, 17, 22643
What are the prime factors of 1829373?
3, 7, 13, 6701
List the prime factors of 2428760.
2, 5, 60719
What are the prime factors of 26741171?
26741171
List the prime factors of 1610376.
2, 3, 17, 3947
What are the prime factors of 3469258?
2, 13, 17, 47, 167
What are the prime factors of 69723?
3, 61, 127
List the prime factors of 71676.
2, 3, 11, 181
List the prime factors of 267430.
2, 5, 47, 569
List the prime factors of 370574.
2, 31, 43, 139
What are the prime factors of 973582?
2, 127, 3833
List the prime factors of 32989.
11, 2999
What are the prime factors of 1829590?
2, 5, 7, 59, 443
What are the prime factors of 156770?
2, 5, 61, 257
What are the prime factors of 1729935?
3, 5, 37, 1039
What are the prime factors of 375794?
2, 187897
What are the prime factors of 12560497?
12560497
List the prime factors of 938978.
2, 17, 27617
What are the prime factors of 9626279?
13, 740483
List the prime factors of 339731.
7, 48533
What are the prime factors of 177415?
5, 7, 37, 137
What are the prime factors of 3907311?
3, 37, 35201
List the prime factors of 519273.
3, 57697
List the prime factors of 2121188.
2, 530297
List the prime factors of 84453.
3, 28151
List the prime factors of 522241.
367, 1423
What are the prime factors of 4886910?
2, 3, 5, 7, 7757
List the prime factors of 73974.
2, 3, 12329
What are the prime factors of 2626111?
61, 43051
List the prime factors of 2237929.
59, 83, 457
List the prime factors of 1381750.
2, 5, 5527
What are the prime factors of 4657558?
2, 17, 136987
What are the prime factors of 167781?
3, 55927
What are the prime factors of 167398?
2, 7, 11, 1087
What are the prime factors of 2045815?
5, 409163
List the prime factors of 1141104.
2, 3, 23773
What are the prime factors of 232991?
11, 59, 359
List the prime factors of 5714027.
11, 519457
What are the prime factors of 1423555?
5, 7, 89, 457
List the prime factors of 1086114.
2, 3, 181019
List the prime factors of 16001.
16001
What are the prime factors of 1215399?
3, 151, 2683
List the prime factors of 650825.
5, 7, 3719
What are the prime factors of 80662?
2, 31, 1301
List the prime factors of 6635370.
2, 3, 5, 7, 19, 1663
What are the prime factors of 3275178?
2, 3, 545863
List the prime factors of 2076596.
2, 227, 2287
List the prime factors of 9585088.
2, 149767
What are the prime factors of 39330?
2, 3, 5, 19, 23
What are the prime factors of 47594?
2, 53, 449
List the prime factors of 278795.
5, 11, 37, 137
What are the prime factors of 1036020?
2, 3, 5, 31, 557
List the prime factors of 1339000.
2, 5, 13, 103
What are the prime factors of 388734?
2, 3, 67, 967
What are the prime factors of 246786?
2, 3, 41131
What are the prime factors of 7337609?
29, 421, 601
What are the prime factors of 7153166?
2, 3576583
List the prime factors of 10005650.
2, 5, 83, 2411
List the prime factors of 76801.
76801
What are the prime factors of 589556?
2, 11, 13399
What are the prime factors of 5860394?
2, 2930197
List the prime factors of 183371.
233, 787
List the prime factors of 5393333.
11, 29, 53
What are the prime factors of 772039?
433, 1783
List the prime factors of 7532473.
13, 31, 18691
What are the prime factors of 2254916?
2, 577, 977
List the prime factors of 298205.
5, 19, 43, 73
List the prime factors of 821082.
2, 3, 281, 487
List the prime factors of 1500655.
5, 13, 23087
What are the prime factors of 3342741?
3, 593, 1879
List the prime factors of 130597.
73, 1789
List the prime factors of 3976120.
2, 5, 107, 929
What are the prime factors of 5284092?
2, 3, 11, 40031
List the prime factors of 1161077.
1161077
What are the prime factors of 1613530?
2, 5, 317, 509
List the prime factors of 499565.
5, 11, 31, 293
List the prime factors of 98887.
98887
List the prime factors of 2725495.
5, 197, 2767
What are the prime factors of 21263317?
47, 227, 1993
List the prime factors of 533765.
5, 106753
List the prime factors of 1107715.
5, 7, 31649
What are the prime factors of 4243871?
1303, 3257
What are the prime factors of 958770?
2, 3, 5, 53, 67
List the prime factors of 1442941.
1442941
What are the prime factors of 5926268?
2, 17, 87151
What are the prime factors of 5534672?
2, 11, 13, 41, 59
What are the prime factors of 62977?
71, 887
List the prime factors of 11712340.
2, 5, 43, 13619
List the prime factors of 543356.
2, 11, 53, 233
What are the prime factors of 15666678?
2, 3, 19, 2411
What are the prime factors of 295698?
2, 3, 13, 17, 223
What are the prime factors of 8860446?
2, 3, 7, 70321
List the prime factors of 209697.
3, 69899
List the prime factors of 1608324.
2, 3, 101, 1327
What are the prime factors of 4805705?
5, 961141
List the prime factors of 2267989.
37, 61297
List the prime factors of 922798.
2, 47, 9817
List the prime factors of 670943.
7, 13, 73, 101
List the prime factors of 400643.
400643
List the prime factors of 10381449.
3, 13, 29, 67, 137
What are the prime factors of 290723?
43, 6761
List the prime factors of 321989.
149, 2161
What are the prime factors of 604689?
3, 353, 571
List the prime factors of 1859823.
3, 7, 53, 557
List the prime factors of 2001319.
29, 69011
What are the prime factors of 13545051?
3, 13, 53, 6553
What are the prime factors of 4060997?
1487, 2731
What are the prime factors of 2915126?
2, 17, 83, 1033
List the prime factors of 120698.
2, 29, 2081
List the prime factors of 676560.
2, 3, 5, 2819
List the prime factors of 13449135.
3, 5, 7, 23, 5569
List the prime factors of 1422788.
2, 355697
List the prime factors of 